2?
-1a64c6
In base 10, what is -13839 + 17?
-13822
In base 5, what is 4 - -34302120?
34302124
In base 16, what is 7 + a15e?
a165
In base 12, what is 1b + 4bb0?
500b
In base 9, what is -18 - 305575?
-305604
In base 15, what is -409372 + -4?
-409376
In base 5, what is 223011 - -104?
223120
In base 2, what is 111 + -11100010010111?
-11100010010000
In base 5, what is 21243 + -1023?
20220
In base 8, what is -3 + 230022?
230017
In base 5, what is 31 - 102103?
-102022
In base 8, what is 502 - 1463?
-761
In base 4, what is 2001 - 102?
1233
In base 15, what is 19d + 92?
240
In base 6, what is 4 - -2314050?
2314054
In base 12, what is 36 + -3268?
-3232
In base 11, what is 2 + -9154?
-9152
In base 2, what is 10100100011011 + -1110?
10100100001101
In base 13, what is 9664 + -7?
965a
In base 9, what is 104165 - 2?
104163
In base 15, what is 4c - -2254?
22a1
In base 7, what is -1063446 + 4?
-1063442
In base 15, what is -184588 - -1?
-184587
In base 6, what is 2322412 + 1?
2322413
In base 2, what is -1111 - 10110110010001?
-10110110100000
In base 12, what is -4534b5 - -3?
-4534b2
In base 6, what is 145420 + 11?
145431
In base 12, what is 707666 + 3?
707669
In base 11, what is 184 - 21a?
-46
In base 8, what is 155367 + -37?
155330
In base 3, what is -12112210 - -1020?
-12111120
In base 6, what is 1023 - -11?
1034
In base 4, what is 1 + -2033103?
-2033102
In base 11, what is 1 + 3a186?
3a187
In base 8, what is 252 - -120?
372
In base 5, what is -2 - 1124000?
-1124002
In base 8, what is -43 + -10?
-53
In base 11, what is 216255 + 2?
216257
In base 5, what is 122 + 143240?
143412
In base 7, what is -405 - -1443?
1035
In base 5, what is -202440024 - 10?
-202440034
In base 6, what is -130311132 + -5?
-130311141
In base 4, what is 2030 - -10310302?
10312332
In base 10, what is -1 + -7581?
-7582
In base 10, what is 462830 + -1?
462829
In base 6, what is -150135 - 0?
-150135
In base 8, what is -212 + -65206?
-65420
In base 5, what is -1342 + 20121?
13224
In base 12, what is 15 - 9139?
-9124
In base 5, what is 1 - -103343?
103344
In base 13, what is b6c - -18a4?
2743
In base 8, what is -263146 - 3?
-263151
In base 16, what is -5ac55 + 1?
-5ac54
In base 7, what is 5544 + 16?
5563
In base 4, what is 3133300 - -11?
3133311
In base 10, what is 4101 + -16?
4085
In base 11, what is -135 + -a2?
-227
In base 3, what is -10200 - 2212?
-20112
In base 14, what is 196 + 22?
1b8
In base 12, what is 63038 + 6?
63042
In base 2, what is 10110111010 + 100111000000?
111101111010
In base 15, what is -18b - -9c?
-de
In base 14, what is -8 + 809a0?
80996
In base 12, what is 2 + -1686?
-1684
In base 12, what is 63 + 1b32?
1b95
In base 10, what is -940 + -323?
-1263
In base 8, what is -3 + -744363?
-744366
In base 15, what is 0 - -764?
764
In base 2, what is -111000010111 + 100?
-111000010011
In base 3, what is -1011 - -10222000?
10220212
In base 5, what is -10 + -212144120?
-212144130
In base 16, what is 13 - -5a09?
5a1c
In base 2, what is -10100110 + 1111010111?
1100110001
In base 10, what is 12 - -5767?
5779
In base 13, what is -18b - 4a?
-208
In base 12, what is -6ba - -21a9?
16ab
In base 16, what is 3 - fde?
-fdb
In base 14, what is 61a1 + -a4?
60db
In base 3, what is 1020011111 + -1?
1020011110
In base 14, what is 354d - -11?
3560
In base 15, what is -3 - -32d63?
32d60
In base 13, what is 5 - 4202?
-41ca
In base 3, what is 20001010201 + 100?
20001011001
In base 6, what is -320015012 - 4?
-320015020
In base 8, what is 335744 - 10?
335734
In base 14, what is 6b + -c2?
-55
In base 3, what is 122010 + -10010?
112000
In base 16, what is -3672 + 0?
-3672
In base 6, what is 4 - -3443534?
3443542
In base 2, what is 1000110100101100010 + 0?
1000110100101100010
In base 8, what is -11 - 375670?
-375701
In base 10, what is -1 - 53626?
-53627
In base 9, what is 133 - -53?
186
In base 4, what is 33 - -22312232?
22312331
In base 16, what is e4105 + -4?
e4101
In base 11, what is 70 - 96?
-26
In base 10, what is -3205 + 24?
-3181
In base 15, what is 586a + 3?
586d
In base 4, what is -11 + 212311?
212300
In base 4, what is -11221 - -112232?
101011
In base 11, what is 116 - -1?
117
In base 14, what is -2ab21 + -3?
-2ab24
In base 13, what is 8b - 1a9?
-11b
In base 10, what is 9361 + 25?
9386
In base 12, what is 222b86 - 2?
222b84
In base 6, what is -23 + 244?
221
In base 12, what is -16 + 470aa?
47094
In base 12, what is -a + a63?
a55
In base 8, what is -565 + 443?
-122
In base 10, what is -3308279 - 4?
-3308283
In base 6, what is 30 - 11523?
-11453
In base 8, what is 1 + -1353?
-1352
In base 13, what is 49cb + 3?
4a01
In base 11, what is 2536243 + -4?
253623a
In base 6, what is -100 - 13524?
-14024
In base 14, what is 4a + -579?
-52d
In base 12, what is -1069 - 4a?
-10b7
In base 12, what is 50b99 - -6?
50ba3
In base 10, what is 3 + 267936?
267939
In base 6, what is 5 + 125224?
125233
In base 10, what is -3 + 19574?
19571
In base 14, what is -2197a5 - 0?
-2197a5
In base 8, what is -6 + 2774?
2766
In base 8, what is 270515 + -2?
270513
In base 6, what is -4 + 504045?
504041
In base 5, what is -1112433 + -2?
-1112440
In base 7, what is 0 + 21406?
21406
In base 13, what is 1022 - 8a5?
44a
In base 8, what is -15 + -4105?
-4122
In base 3, what is 120121 + -10212111?
-10021220
In base 10, what is -13496 + 10?
-13486
In base 4, what is 11211000 + 11?
11211011
In base 8, what is 4 + -35674?
-35670
In base 4, what is 1300310 - -11?
1300321
In base 13, what is 1c22 + -68?
1b87
In base 3, what is -2112120 - -10010?
-2102110
In base 4, what is -3021032013 + -1?
-3021032020
In base 16, what is 8ae6 + 2?
8ae8
In base 5, what is 3004022 + 10?
3004032
In base 5, what is 10123320 - 2?
10123313
In base 5, what is 431040043 + 10?
431040103
In base 15, what is 27b - 228?
53
In base 10, what is -55 - -3358?
3303
In base 9, what is -102126 + -5?
-102132
In base 14, what is -86 - 12b?
-1b3
In base 11, what is -243 + 4963?
4720
In base 5, what is -30 + -3011?
-3041
In base 15, what is 166 - 9a?
bb
In base 14, what is -aa - 66?
-132
In base 11, what is -12901 + -1?
-12902
In base 10, what is 16283 - 144?
16139
In base 11, what is 15 - 44a2?
-4488
In base 10, what is -4 - -313562?
313558
In base 14, what is 20da9 - 4?
20da5
In base 14, what is -82 - -238?
196
In base 7, what is -33 - 24162?
-24225
In base 8, what is 776 + -2170?
-1172
In base 13, what is -8a2274 - 0?
-8a2274
In base 16, what is 2 + 4328?
432a
In base 2, what is 111 - -111000110000?
111000110111
In base 13, what is -3029 + 59?
-2ca0
In base 10, what is -59114 - -9?
-59105
In base 12, what is -18 + -590?
-5a8
In base 5, what is 2223243 - -4?
2223302
In base 9, what is 4883 - 1?
4882
In base 8, what is 5065 + 327?
5414
In base 16, what is 1e + 242e1?
242ff
In base 13, what is -4 + -2a932b?
-2a9332
In base 15, what is 4 + -1e73b5?
-1e73b1
In base 16, what is d + 1411?
141e
In base 3, what is 12212 + 1010022?
1100011
In base 2, what is -111100101 + 1111000?
-101101101
In base 13, what is -1a + 553?
536
In base 3, what is -1111 - 1022201?
-1101012
In base 11, what is 322a3 - -4?
322a7
In base 12, what is -106 - 64b6?
-6600
In base 15, what is -40 - 1283?
-12c3
In base 3, what is -1 + -10001201202021?
-10001201202022
In base 3, what is 11101 + 1021?
12122
In base 16, what is 2b8 + -33?
285
In base 6, what is -124 + 5455?
5331
In base 4, what is -11 + 1021321?
1021310
In base 11, what is -a15 - 37?
-a51
In base 13, what is 4 - 83269?
-83265
In base 13, what is 695 + -7?
68b
In base 10, what is 47 + 25?
72
In base 12, what is -3 - -65a9?
65a6
In base 4, what is 331 + 120211?
121202
In base 13, what is -4 - -1751?
174a
In base 10, what is 3 + -11959?
-11956
In base 15, what is -d73 - -4a?
-d28
In base 6, what is 140440 - -5?
140445
In base 16, what is -51 + -a64?
-ab5
In base 9, what is -155 + 11136?
10871
In base 5, what is -2422423014 + 0?
-2422423014
In base 10, what is -6397 + 111?
-6286
In base 9, what is -172 + 10487?
10315
In base 16, what is -5 + 1b20?
1b1b
In base 10, what is -286906 + 5?
-286901
In base 15, what is -1 - 2ddaa?
-2ddab
In base 8, what is 3071 + 30?
3121
In base 12, what is -26b6b + -1?
-26b70
In base 7, what is -15565636 + -1?
-15565640
In base 13, what is 0 - 24c6?
-24c6
In base 16, what is df + 454?
533
In base 11, what is 15 - 4044?
-402a
I